{"id":725,"date":"2023-04-28T17:13:04","date_gmt":"2023-04-28T15:13:04","guid":{"rendered":"https:\/\/dev.brassweek.ch\/?post_type=project&#038;p=725"},"modified":"2023-06-14T19:58:01","modified_gmt":"2023-06-14T17:58:01","slug":"ruedi-thomas","status":"publish","type":"project","link":"https:\/\/brassweek.com\/en\/dozenten\/ruedi-thomas\/","title":{"rendered":"Prof. Thomas R\u00fcedi"},"content":{"rendered":"<p>[et_pb_section fb_built=&#8221;1&#8243; admin_label=&#8221;Kopfzeile Dozenten EN&#8221; _builder_version=&#8221;4.20.4&#8243; _module_preset=&#8221;default&#8221; background_image=&#8221;https:\/\/brassweek.com\/wp-content\/uploads\/2023\/04\/headpic23-01.jpg&#8221; background_position=&#8221;top_center&#8221; global_module=&#8221;584&#8243; saved_tabs=&#8221;all&#8221; collapsed=&#8221;off&#8221; global_colors_info=&#8221;{}&#8221;][et_pb_row _builder_version=&#8221;4.20.4&#8243; _module_preset=&#8221;default&#8221; global_colors_info=&#8221;{}&#8221;][et_pb_column type=&#8221;4_4&#8243; _builder_version=&#8221;4.20.4&#8243; _module_preset=&#8221;default&#8221; global_colors_info=&#8221;{}&#8221;][et_pb_text admin_label=&#8221;Text&#8221; _builder_version=&#8221;4.20.4&#8243; _module_preset=&#8221;default&#8221; global_colors_info=&#8221;{}&#8221;]<\/p>\n<h1 style=\"text-align: center;\"><span style=\"color: #ffffff;\">Brassweek Samedan<\/span><\/h1>\n<h4 style=\"text-align: center;\"><span style=\"color: #fbba18;\">Master class professors<\/span><\/h4>\n<p>[\/et_pb_text][\/et_pb_column][\/et_pb_row][\/et_pb_section][et_pb_section fb_built=&#8221;1&#8243; admin_label=&#8221;Inhalt Dozenten&#8221; _builder_version=&#8221;4.20.4&#8243; _module_preset=&#8221;default&#8221; global_colors_info=&#8221;{}&#8221;][et_pb_row column_structure=&#8221;3_5,2_5&#8243; _builder_version=&#8221;4.20.4&#8243; _module_preset=&#8221;default&#8221; global_colors_info=&#8221;{}&#8221;][et_pb_column type=&#8221;3_5&#8243; _builder_version=&#8221;4.20.4&#8243; _module_preset=&#8221;default&#8221; global_colors_info=&#8221;{}&#8221;][et_pb_text admin_label=&#8221;Titel&#8221; module_class=&#8221;prof-meta&#8221; _builder_version=&#8221;4.20.4&#8243; _module_preset=&#8221;default&#8221; global_colors_info=&#8221;{}&#8221;]\t\t<div class=\"et_main_title\">\n\t\t\t<h1>Prof. Thomas R\u00fcedi<\/h1>\n\t\t\t<span class=\"et_project_categories\"><a href=\"https:\/\/brassweek.com\/en\/project_category\/euphonium-2\/\" rel=\"tag\">Euphonium<\/a><\/span>\n\t\t<\/div>\n\t[\/et_pb_text][et_pb_text _builder_version=&#8221;4.20.4&#8243; _module_preset=&#8221;default&#8221; global_colors_info=&#8221;{}&#8221;]<\/p>\n<p>Thomas R\u00fcedi was born in 1969 in Oberwil bei B\u00fcren near Berne, Switzerland. He began playing the euphonium at the age of 11. From 1991, R\u00fcedi received his professional musical training on this instrument in England, the home of brass music. He studied under, amongst others, Phillip McCann and Peter Parkes at Sheffield University and also devoted his attention to the study of conducting, arranging and composition, areas which have strongly influenced his professional life. During this time, he also performed with many top British brass bands. An important milestone in his career was being awarded first prize in the European Solo Competition for Brass Players in Munich in 1999.<\/p>\n<p>His solo engagements have led Thomas R\u00fcedi all over Europe, to Africa, Asia and the USA. Through this work he is involved with numerous symphony orchestras, wind and brass bands. On his continual search for new tonal spheres Thomas R\u00fcedi formed the duo \u201cSynthesis\u201d in collaboration with the marimbaphone virtuoso Raphael Christen. They convincingly combine the sounds of the two instruments to create something new and complete. The colab CD production \u201cSynthesis\u201d and Thomas R\u00fcedi\u2019s solo CD \u201cEl\u00e9gie\u201d received international recognition.<\/p>\n<p>Thomas R\u00fcedi is strongly committed to educational work. He is euphonium tutor at Bern University of the Arts and Lucerne University of Applied Sciences and Arts. As a guest tutor he gives many master classes at colleges in Europe and overseas. As an orchestral musician he plays regularly with the Tonhalle Orchester Z\u00fcrich and in other renowned symphony orchestras such as the Bavarian Radio Symphony Orchestraor the Zurich Opera House Orchestra.<\/p>\n<p>He is also a talented conductor and has worked with, amongst other groups, Brass Band B\u00fcrgermusik Luzern (A-Band), where he was musical director between 1995 and 2002, and with \u201cSeeland Brass\u201d between 1997 and 2006. As guest conductor he conducted the winning band, Brass Band Berner Oberland, at the \u201cSwiss Open\u201d and \u201cEuropean Open\u201d contests in Lucerne in 2004. Thomas R\u00fcedi has also made a name for himself as arranger and composer. His oeuvre includes over fifty works for wind instruments. His many arrangements of Swiss folksongs have, in particular, are part of the standard brass and wind repertoire.<\/p>\n<p>[\/et_pb_text][\/et_pb_column][et_pb_column type=&#8221;2_5&#8243; _builder_version=&#8221;4.20.4&#8243; _module_preset=&#8221;default&#8221; global_colors_info=&#8221;{}&#8221;][et_pb_image src=&#8221;https:\/\/brassweek.com\/wp-content\/uploads\/2023\/06\/rueedi_thomas.jpg&#8221; title_text=&#8221;rueedi_thomas&#8221; show_in_lightbox=&#8221;on&#8221; _builder_version=&#8221;4.21.0&#8243; _module_preset=&#8221;default&#8221; hover_enabled=&#8221;0&#8243; global_colors_info=&#8221;{}&#8221; sticky_enabled=&#8221;0&#8243;][\/et_pb_image][\/et_pb_column][\/et_pb_row][\/et_pb_section]<\/p>\n","protected":false},"excerpt":{"rendered":"<p>Brassweek Samedan Master class professors\t\t<div class=\"et_main_title\">\n\t\t\t<h1>Prof. Thomas R\u00fcedi<\/h1>\n\t\t\t<span class=\"et_project_categories\"><a href=\"https:\/\/brassweek.com\/en\/project_category\/euphonium-2\/\" rel=\"tag\">Euphonium<\/a><\/span>\n\t\t<\/div>\n\tThomas R\u00fcedi was born in 1969 in Oberwil bei B\u00fcren near Berne, Switzerland. He began playing the euphonium at the age of 11. From 1991, R\u00fcedi received his professional musical training on this instrument in England, the home of brass music. He studied under, amongst others, Phillip McCann and Peter Parkes [&hellip;]<\/p>\n","protected":false},"author":1,"featured_media":1152,"comment_status":"open","ping_status":"closed","template":"","meta":{"_et_pb_use_builder":"on","_et_pb_old_content":"","_et_gb_content_width":"","footnotes":""},"project_category":[27],"project_tag":[],"class_list":["post-725","project","type-project","status-publish","has-post-thumbnail","hentry","project_category-euphonium-2"],"_links":{"self":[{"href":"https:\/\/brassweek.com\/en\/wp-json\/wp\/v2\/project\/725","targetHints":{"allow":["GET"]}}],"collection":[{"href":"https:\/\/brassweek.com\/en\/wp-json\/wp\/v2\/project"}],"about":[{"href":"https:\/\/brassweek.com\/en\/wp-json\/wp\/v2\/types\/project"}],"author":[{"embeddable":true,"href":"https:\/\/brassweek.com\/en\/wp-json\/wp\/v2\/users\/1"}],"replies":[{"embeddable":true,"href":"https:\/\/brassweek.com\/en\/wp-json\/wp\/v2\/comments?post=725"}],"version-history":[{"count":6,"href":"https:\/\/brassweek.com\/en\/wp-json\/wp\/v2\/project\/725\/revisions"}],"predecessor-version":[{"id":1162,"href":"https:\/\/brassweek.com\/en\/wp-json\/wp\/v2\/project\/725\/revisions\/1162"}],"wp:featuredmedia":[{"embeddable":true,"href":"https:\/\/brassweek.com\/en\/wp-json\/wp\/v2\/media\/1152"}],"wp:attachment":[{"href":"https:\/\/brassweek.com\/en\/wp-json\/wp\/v2\/media?parent=725"}],"wp:term":[{"taxonomy":"project_category","embeddable":true,"href":"https:\/\/brassweek.com\/en\/wp-json\/wp\/v2\/project_category?post=725"},{"taxonomy":"project_tag","embeddable":true,"href":"https:\/\/brassweek.com\/en\/wp-json\/wp\/v2\/project_tag?post=725"}],"curies":[{"name":"wp","href":"https:\/\/api.w.org\/{rel}","templated":true}]}}

Prof. Thomas Rüedi

<p>[et_pb_section fb_built=&#8221;1&#8243; admin_label=&#8221;Kopfzeile Dozenten EN&#8221; _builder_version=&#8221;4.20.4&#8243; _module_preset=&#8221;default&#8221; background_image=&#8221;https://brassweek.com/wp-content/uploads/2023/04/headpic23-01.jpg&#8221; background_position=&#8221;top_center&#8221; global_module=&#8221;584&#8243; saved_tabs=&#8221;all&#8221; collapsed=&#8221;off&#8221; global_colors_info=&#8221;{}&#8221;][et_pb_row _builder_version=&#8221;4.20.4&#8243; _module_preset=&#8221;default&#8221; global_colors_info=&#8221;{}&#8221;][et_pb_column type=&#8221;4_4&#8243; _builder_version=&#8221;4.20.4&#8243; _module_preset=&#8221;default&#8221; global_colors_info=&#8221;{}&#8221;][et_pb_text admin_label=&#8221;Text&#8221; _builder_version=&#8221;4.20.4&#8243; _module_preset=&#8221;default&#8221; global_colors_info=&#8221;{}&#8221;]</p>
<h1 style="text-align: center;"><span style="color: #ffffff;">Brassweek Samedan</span></h1>
<h4 style="text-align: center;"><span style="color: #fbba18;">Master class professors</span></h4>
<p>[/et_pb_text][/et_pb_column][/et_pb_row][/et_pb_section][et_pb_section fb_built=&#8221;1&#8243; admin_label=&#8221;Inhalt Dozenten&#8221; _builder_version=&#8221;4.20.4&#8243; _module_preset=&#8221;default&#8221; global_colors_info=&#8221;{}&#8221;][et_pb_row column_structure=&#8221;3_5,2_5&#8243; _builder_version=&#8221;4.20.4&#8243; _module_preset=&#8221;default&#8221; global_colors_info=&#8221;{}&#8221;][et_pb_column type=&#8221;3_5&#8243; _builder_version=&#8221;4.20.4&#8243; _module_preset=&#8221;default&#8221; global_colors_info=&#8221;{}&#8221;][et_pb_text admin_label=&#8221;Titel&#8221; module_class=&#8221;prof-meta&#8221; _builder_version=&#8221;4.20.4&#8243; _module_preset=&#8221;default&#8221; global_colors_info=&#8221;{}&#8221;]		<div class="et_main_title">
			<h1>Prof. Thomas Rüedi</h1>
			<span class="et_project_categories"><a href="https://brassweek.com/en/project_category/euphonium-2/" rel="tag">Euphonium</a></span>
		</div>
	[/et_pb_text][et_pb_text _builder_version=&#8221;4.20.4&#8243; _module_preset=&#8221;default&#8221; global_colors_info=&#8221;{}&#8221;]</p>
<p>Thomas Rüedi was born in 1969 in Oberwil bei Büren near Berne, Switzerland. He began playing the euphonium at the age of 11. From 1991, Rüedi received his professional musical training on this instrument in England, the home of brass music. He studied under, amongst others, Phillip McCann and Peter Parkes at Sheffield University and also devoted his attention to the study of conducting, arranging and composition, areas which have strongly influenced his professional life. During this time, he also performed with many top British brass bands. An important milestone in his career was being awarded first prize in the European Solo Competition for Brass Players in Munich in 1999.</p>
<p>His solo engagements have led Thomas Rüedi all over Europe, to Africa, Asia and the USA. Through this work he is involved with numerous symphony orchestras, wind and brass bands. On his continual search for new tonal spheres Thomas Rüedi formed the duo “Synthesis” in collaboration with the marimbaphone virtuoso Raphael Christen. They convincingly combine the sounds of the two instruments to create something new and complete. The colab CD production “Synthesis” and Thomas Rüedi’s solo CD “Elégie” received international recognition.</p>
<p>Thomas Rüedi is strongly committed to educational work. He is euphonium tutor at Bern University of the Arts and Lucerne University of Applied Sciences and Arts. As a guest tutor he gives many master classes at colleges in Europe and overseas. As an orchestral musician he plays regularly with the Tonhalle Orchester Zürich and in other renowned symphony orchestras such as the Bavarian Radio Symphony Orchestraor the Zurich Opera House Orchestra.</p>
<p>He is also a talented conductor and has worked with, amongst other groups, Brass Band Bürgermusik Luzern (A-Band), where he was musical director between 1995 and 2002, and with “Seeland Brass” between 1997 and 2006. As guest conductor he conducted the winning band, Brass Band Berner Oberland, at the “Swiss Open” and “European Open” contests in Lucerne in 2004. Thomas Rüedi has also made a name for himself as arranger and composer. His oeuvre includes over fifty works for wind instruments. His many arrangements of Swiss folksongs have, in particular, are part of the standard brass and wind repertoire.</p>
<p>[/et_pb_text][/et_pb_column][et_pb_column type=&#8221;2_5&#8243; _builder_version=&#8221;4.20.4&#8243; _module_preset=&#8221;default&#8221; global_colors_info=&#8221;{}&#8221;][et_pb_image src=&#8221;https://brassweek.com/wp-content/uploads/2023/06/rueedi_thomas.jpg&#8221; title_text=&#8221;rueedi_thomas&#8221; show_in_lightbox=&#8221;on&#8221; _builder_version=&#8221;4.21.0&#8243; _module_preset=&#8221;default&#8221; hover_enabled=&#8221;0&#8243; global_colors_info=&#8221;{}&#8221; sticky_enabled=&#8221;0&#8243;][/et_pb_image][/et_pb_column][/et_pb_row][/et_pb_section]</p>

<p>Brassweek Samedan Master class professors		<div class="et_main_title">
			<h1>Prof. Thomas Rüedi</h1>
			<span class="et_project_categories"><a href="https://brassweek.com/en/project_category/euphonium-2/" rel="tag">Euphonium</a></span>
		</div>
	Thomas Rüedi was born in 1969 in Oberwil bei Büren near Berne, Switzerland. He began playing the euphonium at the age of 11. From 1991, Rüedi received his professional musical training on this instrument in England, the home of brass music. He studied under, amongst others, Phillip McCann and Peter Parkes [&hellip;]</p>
